{"id":329,"date":"2017-05-05T14:46:41","date_gmt":"2017-05-05T17:46:41","guid":{"rendered":"http:\/\/www.lyonengenharia.com.br\/?page_id=329"},"modified":"2018-04-04T17:53:49","modified_gmt":"2018-04-04T20:53:49","slug":"gestao-de-empreendimentos","status":"publish","type":"page","link":"https:\/\/www.lyonengenharia.com.br\/?page_id=329","title":{"rendered":"Gest\u00e3o de Empreendimentos"},"content":{"rendered":"<div data-vc-full-width=\"true\" data-vc-full-width-init=\"false\" class=\"vc_row wpb_row vc_row-fluid featured-bg-row vc_custom_1498247055843 wpex-vc_row-has-fill wpex-vc-row-stretched\"><div class=\"wpb_column vc_column_container vc_col-sm-12\"><div class=\"vc_column-inner \"  ><div class=\"wpb_wrapper\">\n\t<div class=\"wpb_text_column wpb_content_element  featured-text\" >\n\t\t<div class=\"wpb_wrapper\">\n\t\t\t<h2 style=\"text-align: center;\"><span class=\"featured-title\">Conhecimento e Qualidade<\/span><\/h2>\n<p style=\"text-align: center;\"><span class=\"featured-subtitle\">Gest\u00e3o eficiente e moderna com foco no resultado.<\/span><\/p>\n\n\t\t<\/div>\n\t<\/div>\n<\/div><\/div><\/div><\/div><div class=\"vc_row-full-width vc_clearfix\"><\/div><div class=\"vc_row wpb_row vc_row-fluid\"><div class=\"wpb_column vc_column_container vc_col-sm-12\"><div class=\"vc_column-inner \"  ><div class=\"wpb_wrapper\"><div class=\"vc_empty_space\"   style=\"height: 40px\" ><span class=\"vc_empty_space_inner\"><\/span><\/div>\n\n\t<div class=\"wpb_text_column wpb_content_element  section-title\" >\n\t\t<div class=\"wpb_wrapper\">\n\t\t\t<h2 style=\"text-align: center;\">Gest\u00e3o de<br \/>\n<strong>Empreendimentos<\/strong><\/h2>\n\n\t\t<\/div>\n\t<\/div>\n\n\t<div class=\"wpb_text_column wpb_content_element \" >\n\t\t<div class=\"wpb_wrapper\">\n\t\t\t<p>Com mais de <strong>20 milh\u00f5es de horas\/homem trabalhadas<\/strong>, a Lyon possui uma larga experi\u00eancia e conhecimento no gerenciamento de implanta\u00e7\u00e3o de empreendimentos, oferecendo tecnologias e equipes para os mais diversos segmentos econ\u00f4micos, e em todas as regi\u00f5es do pa\u00eds.<\/p>\n<p>Nos \u00faltimos anos a Lyon se tornou um fornecedor de destaque em algumas das <strong>maiores empresas do Brasil<\/strong>, sempre com alto desempenho e qualidade reconhecida.<\/p>\n\n\t\t<\/div>\n\t<\/div>\n<div class=\"vc_empty_space\"   style=\"height: 30px\" ><span class=\"vc_empty_space_inner\"><\/span><\/div>\n<\/div><\/div><\/div><\/div><div data-vc-full-width=\"true\" data-vc-full-width-init=\"false\" class=\"vc_row wpb_row vc_row-fluid alt-bg-color vc_custom_1499181637839 wpex-vc-row-stretched\"><div class=\"wpb_column vc_column_container vc_col-sm-12\"><div class=\"vc_column-inner \"  ><div class=\"wpb_wrapper\"><div class=\"vc_empty_space\"   style=\"height: 40px\" ><span class=\"vc_empty_space_inner\"><\/span><\/div>\n\n\t<div class=\"wpb_text_column wpb_content_element  section-title facilities\" >\n\t\t<div class=\"wpb_wrapper\">\n\t\t\t<h2 style=\"text-align: center;\">Servi\u00e7os<\/h2>\n\n\t\t<\/div>\n\t<\/div>\n<\/div><\/div><\/div><\/div><div class=\"vc_row-full-width vc_clearfix\"><\/div><div data-vc-full-width=\"true\" data-vc-full-width-init=\"false\" class=\"vc_row wpb_row vc_row-fluid alt-bg-color wpex-vc-row-stretched\"><div class=\"wpb_column vc_column_container vc_col-sm-6\"><div class=\"vc_column-inner \"  ><div class=\"wpb_wrapper\">\n\t<div class=\"wpb_text_column wpb_content_element \" >\n\t\t<div class=\"wpb_wrapper\">\n\t\t\t<h3>Gerenciamento de Implanta\u00e7\u00f5es<\/h3>\n<ul>\n<li>Coordena\u00e7\u00e3o Geral<\/li>\n<li>Planejamento e Controle<\/li>\n<li>Fiscaliza\u00e7\u00e3o de Campo, Controle e Auditoria de Qualidade<\/li>\n<li>Gest\u00e3o de SSMA (Sa\u00fade, Seguran\u00e7a e Meio Ambiente)<\/li>\n<li>Engenharia de Campo<\/li>\n<li>Suprimentos e Log\u00edstica<\/li>\n<li>Gest\u00e3o de Almoxarifados<\/li>\n<li>Diligenciamento e Inspe\u00e7\u00e3o<\/li>\n<li>Topografia<\/li>\n<li>Apoio T\u00e9cnico<\/li>\n<\/ul>\n\n\t\t<\/div>\n\t<\/div>\n<\/div><\/div><\/div><div class=\"wpb_column vc_column_container vc_col-sm-6\"><div class=\"vc_column-inner \"  ><div class=\"wpb_wrapper\">\n\t<div class=\"wpb_text_column wpb_content_element \" >\n\t\t<div class=\"wpb_wrapper\">\n\t\t\t<h3>Assist\u00eancia \u00e0 Partida e Pr\u00e9-Opera\u00e7\u00e3o<\/h3>\n<ul>\n<li>Comissionamento e Start up<\/li>\n<li>Opera\u00e7\u00e3o Assistida<\/li>\n<li>Gest\u00e3o de Opera\u00e7\u00f5es e Processos<\/li>\n<\/ul>\n\n\t\t<\/div>\n\t<\/div>\n<div class=\"vc_empty_space\"   style=\"height: 40px\" ><span class=\"vc_empty_space_inner\"><\/span><\/div>\n<\/div><\/div><\/div><\/div><div class=\"vc_row-full-width vc_clearfix\"><\/div><div class=\"vc_row wpb_row vc_row-fluid\"><div class=\"wpb_column vc_column_container vc_col-sm-12\"><div class=\"vc_column-inner \"  ><div class=\"wpb_wrapper\"><div class=\"vc_empty_space\"   style=\"height: 40px\" ><span class=\"vc_empty_space_inner\"><\/span><\/div>\n\n\t<div class=\"wpb_text_column wpb_content_element  section-title\" >\n\t\t<div class=\"wpb_wrapper\">\n\t\t\t<h2 style=\"text-align: center;\">Alguns de nossos cases<\/h2>\n\n\t\t<\/div>\n\t<\/div>\n<div class=\"vc_empty_space\"   style=\"height: 10px\" ><span class=\"vc_empty_space_inner\"><\/span><\/div>\n<div class=\"vc_tta-container\" data-vc-action=\"collapse\"><div class=\"vc_general vc_tta vc_tta-tabs vc_tta-color-grey vc_tta-style-classic vc_tta-shape-rounded vc_tta-spacing-1 cases-tabs vc_tta-tabs-position-top vc_tta-controls-align-center cases-tabs\"><div class=\"vc_tta-tabs-container\"><ul class=\"vc_tta-tabs-list\"><li class=\"vc_tta-tab vc_active\" data-vc-tab><a href=\"#usiminas\" data-vc-tabs data-vc-container=\".vc_tta\"><span class=\"vc_tta-title-text\">Usiminas<\/span><\/a><\/li><li class=\"vc_tta-tab\" data-vc-tab><a href=\"#votorantim-cimentos\" data-vc-tabs data-vc-container=\".vc_tta\"><span class=\"vc_tta-title-text\">Votorantim Cimentos<\/span><\/a><\/li><li class=\"vc_tta-tab\" data-vc-tab><a href=\"#Vale\" data-vc-tabs data-vc-container=\".vc_tta\"><span class=\"vc_tta-title-text\">Vale<\/span><\/a><\/li><li class=\"vc_tta-tab\" data-vc-tab><a href=\"#fiat\" data-vc-tabs data-vc-container=\".vc_tta\"><span class=\"vc_tta-title-text\">Fiat<\/span><\/a><\/li><\/ul><\/div><div class=\"vc_tta-panels-container\"><div class=\"vc_tta-panels\"><div class=\"vc_tta-panel vc_active\" id=\"usiminas\" data-vc-content=\".vc_tta-panel-body\"><div class=\"vc_tta-panel-heading\"><h4 class=\"vc_tta-panel-title\"><a href=\"#usiminas\" data-vc-accordion data-vc-container=\".vc_tta-container\"><span class=\"vc_tta-title-text\">Usiminas<\/span><\/a><\/h4><\/div><div class=\"vc_tta-panel-body\">\n\t<div class=\"wpb_text_column wpb_content_element \" >\n\t\t<div class=\"wpb_wrapper\">\n\t\t\t<p><img loading=\"lazy\" class=\"alignright wp-image-463 size-full\" src=\"http:\/\/www.lyonengenharia.com.br\/wp-content\/uploads\/2017\/05\/ilustracao-case-usiminas.jpg\" alt=\"\" width=\"300\" height=\"300\" srcset=\"https:\/\/www.lyonengenharia.com.br\/wp-content\/uploads\/2017\/05\/ilustracao-case-usiminas.jpg 300w, https:\/\/www.lyonengenharia.com.br\/wp-content\/uploads\/2017\/05\/ilustracao-case-usiminas-150x150.jpg 150w\" sizes=\"(max-width: 300px) 100vw, 300px\" \/><\/p>\n<h2>Cliente Usiminas<\/h2>\n<p class=\"case-description\">Expans\u00e3o da capacidade produtiva da usina intendente c\u00e2mara<br \/>\n<strong>Ipatinga\/Minas Gerais<\/strong><\/p>\n<p>A LYON Engenharia participou ativamente de todas as etapas de Expans\u00e3o da Capacidade Produtiva da Usina Intendente C\u00e2mara da USIMINAS, em Ipatinga, Minas Gerais. O sucesso que alcan\u00e7amos neste projeto \u00e9 um marco, dada a abrang\u00eancia do escopo de servi\u00e7os prestados e as caracter\u00edsticas t\u00e9cnicas e operacionais do empreendimento.<\/p>\n\n\t\t<\/div>\n\t<\/div>\n<\/div><\/div><div class=\"vc_tta-panel\" id=\"votorantim-cimentos\" data-vc-content=\".vc_tta-panel-body\"><div class=\"vc_tta-panel-heading\"><h4 class=\"vc_tta-panel-title\"><a href=\"#votorantim-cimentos\" data-vc-accordion data-vc-container=\".vc_tta-container\"><span class=\"vc_tta-title-text\">Votorantim Cimentos<\/span><\/a><\/h4><\/div><div class=\"vc_tta-panel-body\">\n\t<div class=\"wpb_text_column wpb_content_element \" >\n\t\t<div class=\"wpb_wrapper\">\n\t\t\t<p><img loading=\"lazy\" class=\"alignright wp-image-466 size-full\" src=\"http:\/\/www.lyonengenharia.com.br\/wp-content\/uploads\/2017\/05\/ilustracao-case-votorantim.jpg\" alt=\"\" width=\"300\" height=\"300\" srcset=\"https:\/\/www.lyonengenharia.com.br\/wp-content\/uploads\/2017\/05\/ilustracao-case-votorantim.jpg 300w, https:\/\/www.lyonengenharia.com.br\/wp-content\/uploads\/2017\/05\/ilustracao-case-votorantim-150x150.jpg 150w\" sizes=\"(max-width: 300px) 100vw, 300px\" \/><\/p>\n<h2>Cliente Votorantim Cimentos<\/h2>\n<p class=\"case-description\">Implanta\u00e7\u00e3o de f\u00e1brica de cimentos em Primavera<br \/>\n<strong>Primavera &#8211; Par\u00e1<\/strong><\/p>\n<p>A F\u00e1brica de Cimentos Votorantim de Primavera, no estado do Par\u00e1, tem papel fundamental no abastecimento do mercado regional Norte e Nordeste, com capacidade de produ\u00e7\u00e3o de 1,2 milh\u00e3o de toneladas de cimento\/ano.<\/p>\n\n\t\t<\/div>\n\t<\/div>\n<\/div><\/div><div class=\"vc_tta-panel\" id=\"Vale\" data-vc-content=\".vc_tta-panel-body\"><div class=\"vc_tta-panel-heading\"><h4 class=\"vc_tta-panel-title\"><a href=\"#Vale\" data-vc-accordion data-vc-container=\".vc_tta-container\"><span class=\"vc_tta-title-text\">Vale<\/span><\/a><\/h4><\/div><div class=\"vc_tta-panel-body\">\n\t<div class=\"wpb_text_column wpb_content_element \" >\n\t\t<div class=\"wpb_wrapper\">\n\t\t\t<p><img loading=\"lazy\" class=\"alignright wp-image-465 size-full\" src=\"http:\/\/www.lyonengenharia.com.br\/wp-content\/uploads\/2017\/05\/ilustracao-case-vale-gerenciamento.jpg\" alt=\"\" width=\"300\" height=\"300\" srcset=\"https:\/\/www.lyonengenharia.com.br\/wp-content\/uploads\/2017\/05\/ilustracao-case-vale-gerenciamento.jpg 300w, https:\/\/www.lyonengenharia.com.br\/wp-content\/uploads\/2017\/05\/ilustracao-case-vale-gerenciamento-150x150.jpg 150w\" sizes=\"(max-width: 300px) 100vw, 300px\" \/><\/p>\n<h2>Cliente Vale<\/h2>\n<p class=\"case-description\">Gerenciamento de obras correntes na Mina de Sossego<br \/>\n<strong>Cana\u00e3 dos Carajas &#8211; Par\u00e1<\/strong><\/p>\n<p>A Mina de Sossego da VALE, localizada em Cana\u00e3 das Caraj\u00e1s, sudeste do Par\u00e1, \u00e9 polo para a produ\u00e7\u00e3o de cobre.<\/p>\n<p>Com expertise em mobiliza\u00e7\u00e3o de equipes altamente capacitadas em \u00e1reas remotas, a LYON Engenharia atuou por 5 anos no empreendimento realizando o Gerenciamento de Obras Correntes.<\/p>\n\n\t\t<\/div>\n\t<\/div>\n<\/div><\/div><div class=\"vc_tta-panel\" id=\"fiat\" data-vc-content=\".vc_tta-panel-body\"><div class=\"vc_tta-panel-heading\"><h4 class=\"vc_tta-panel-title\"><a href=\"#fiat\" data-vc-accordion data-vc-container=\".vc_tta-container\"><span class=\"vc_tta-title-text\">Fiat<\/span><\/a><\/h4><\/div><div class=\"vc_tta-panel-body\">\n\t<div class=\"wpb_text_column wpb_content_element \" >\n\t\t<div class=\"wpb_wrapper\">\n\t\t\t<p><img loading=\"lazy\" class=\"alignright size-full wp-image-464\" src=\"http:\/\/www.lyonengenharia.com.br\/wp-content\/uploads\/2017\/05\/ilustracao-case-fiat.jpg\" alt=\"\" width=\"300\" height=\"300\" srcset=\"https:\/\/www.lyonengenharia.com.br\/wp-content\/uploads\/2017\/05\/ilustracao-case-fiat.jpg 300w, https:\/\/www.lyonengenharia.com.br\/wp-content\/uploads\/2017\/05\/ilustracao-case-fiat-150x150.jpg 150w\" sizes=\"(max-width: 300px) 100vw, 300px\" \/><\/p>\n<h2>Cliente Fiat<\/h2>\n<p class=\"case-description\">Polo automotivo Jeep<br \/>\n<strong>Goiana &#8211; Pernambuco<\/strong><\/p>\n<p>O Polo Automotivo Jeep de Goiana, Pernambuco, \u00e9 a mais moderna planta produtiva da FCA no mundo. A LYON Engenharia participou deste importante empreendimento prestando servi\u00e7os de Gerenciamento de SSMA, utilizando uma moderna plataforma tecnol\u00f3gica de gest\u00e3o de obras.<\/p>\n<p>A ferramenta foi customizada para atendimento dos crit\u00e9rios do empreendimento e disponibilizada para nossos colaboradores em dispositivos m\u00f3veis (tablets). Com a implanta\u00e7\u00e3o da solu\u00e7\u00e3o ganhamos em padroniza\u00e7\u00e3o, controle, confiabilidade e produtividade que foram essenciais para possibilitar o monitoramento e fiscaliza\u00e7\u00e3o dos 260 mil m\u00b2 de \u00e1rea constru\u00edda da Planta Jeep.<\/p>\n<p>Ao utilizar a gest\u00e3o informatizada deixamos de utilizar cerca de 6.000 folhas de papel A4\/m\u00eas e atingimos enorme grau de confiabilidade dos dados obtidos nas frentes de obra.<\/p>\n<p>Tudo isso somado com as in\u00fameras op\u00e7\u00f5es de filtros e tratamento de informa\u00e7\u00f5es dispon\u00edveis, possibilita a configura\u00e7\u00e3o de relat\u00f3rios e reportes gerenciais que subsidiam a tomada de decis\u00f5es estrat\u00e9gicas.<\/p>\n\n\t\t<\/div>\n\t<\/div>\n<\/div><\/div><\/div><\/div><\/div><\/div><\/div><\/div><\/div><\/div>\n","protected":false},"excerpt":{"rendered":"Conhecimento e Qualidade Gest\u00e3o eficiente e moderna com foco no resultado. Gest\u00e3o de Empreendimentos Com mais de 20 milh\u00f5es de horas\/homem trabalhadas, a Lyon possui uma larga experi\u00eancia e conhecimento no gerenciamento de implanta\u00e7\u00e3o de empreendimentos, oferecendo tecnologias e equipes&hellip;","protected":false},"author":2,"featured_media":0,"parent":0,"menu_order":0,"comment_status":"closed","ping_status":"closed","template":"","meta":[],"yoast_head":"<!-- This site is optimized with the Yoast SEO plugin v19.6.1 - https:\/\/yoast.com\/wordpress\/plugins\/seo\/ -->\n<title>Gest\u00e3o de Empreendimentos - Lyon Engenharia<\/title>\n<meta name=\"robots\" content=\"index, follow, max-snippet:-1, max-image-preview:large, max-video-preview:-1\" \/>\n<link rel=\"canonical\" href=\"https:\/\/www.lyonengenharia.com.br\/gestao-de-empreendimentos\/\" \/>\n<meta property=\"og:locale\" content=\"pt_BR\" \/>\n<meta property=\"og:type\" content=\"article\" \/>\n<meta property=\"og:title\" content=\"Gest\u00e3o de Empreendimentos - Lyon Engenharia\" \/>\n<meta property=\"og:url\" content=\"https:\/\/www.lyonengenharia.com.br\/gestao-de-empreendimentos\/\" \/>\n<meta property=\"og:site_name\" content=\"Lyon Engenharia\" \/>\n<meta property=\"article:modified_time\" content=\"2018-04-04T20:53:49+00:00\" \/>\n<meta property=\"og:image\" content=\"http:\/\/www.lyonengenharia.com.br\/wp-content\/uploads\/2017\/05\/ilustracao-case-usiminas.jpg\" \/>\n<meta name=\"twitter:card\" content=\"summary\" \/>\n<meta name=\"twitter:label1\" content=\"Est. tempo de leitura\" \/>\n\t<meta name=\"twitter:data1\" content=\"4 minutos\" \/>\n<script type=\"application\/ld+json\" class=\"yoast-schema-graph\">{\"@context\":\"https:\/\/schema.org\",\"@graph\":[{\"@type\":\"WebPage\",\"@id\":\"https:\/\/www.lyonengenharia.com.br\/gestao-de-empreendimentos\/\",\"url\":\"https:\/\/www.lyonengenharia.com.br\/gestao-de-empreendimentos\/\",\"name\":\"Gest\u00e3o de Empreendimentos - Lyon Engenharia\",\"isPartOf\":{\"@id\":\"https:\/\/www.lyonengenharia.com.br\/#website\"},\"datePublished\":\"2017-05-05T17:46:41+00:00\",\"dateModified\":\"2018-04-04T20:53:49+00:00\",\"breadcrumb\":{\"@id\":\"https:\/\/www.lyonengenharia.com.br\/gestao-de-empreendimentos\/#breadcrumb\"},\"inLanguage\":\"pt-BR\",\"potentialAction\":[{\"@type\":\"ReadAction\",\"target\":[\"https:\/\/www.lyonengenharia.com.br\/gestao-de-empreendimentos\/\"]}]},{\"@type\":\"BreadcrumbList\",\"@id\":\"https:\/\/www.lyonengenharia.com.br\/gestao-de-empreendimentos\/#breadcrumb\",\"itemListElement\":[{\"@type\":\"ListItem\",\"position\":1,\"name\":\"In\u00edcio\",\"item\":\"https:\/\/www.lyonengenharia.com.br\/\"},{\"@type\":\"ListItem\",\"position\":2,\"name\":\"Gest\u00e3o de Empreendimentos\"}]},{\"@type\":\"WebSite\",\"@id\":\"https:\/\/www.lyonengenharia.com.br\/#website\",\"url\":\"https:\/\/www.lyonengenharia.com.br\/\",\"name\":\"Lyon Engenharia\",\"description\":\"Especializada em servi\u00e7os de engenharia e gest\u00e3o de facilities\",\"potentialAction\":[{\"@type\":\"SearchAction\",\"target\":{\"@type\":\"EntryPoint\",\"urlTemplate\":\"https:\/\/www.lyonengenharia.com.br\/?s={search_term_string}\"},\"query-input\":\"required name=search_term_string\"}],\"inLanguage\":\"pt-BR\"}]}<\/script>\n<!-- \/ Yoast SEO plugin. -->","yoast_head_json":{"title":"Gest\u00e3o de Empreendimentos - Lyon Engenharia","robots":{"index":"index","follow":"follow","max-snippet":"max-snippet:-1","max-image-preview":"max-image-preview:large","max-video-preview":"max-video-preview:-1"},"canonical":"https:\/\/www.lyonengenharia.com.br\/gestao-de-empreendimentos\/","og_locale":"pt_BR","og_type":"article","og_title":"Gest\u00e3o de Empreendimentos - Lyon Engenharia","og_url":"https:\/\/www.lyonengenharia.com.br\/gestao-de-empreendimentos\/","og_site_name":"Lyon Engenharia","article_modified_time":"2018-04-04T20:53:49+00:00","og_image":[{"url":"http:\/\/www.lyonengenharia.com.br\/wp-content\/uploads\/2017\/05\/ilustracao-case-usiminas.jpg"}],"twitter_card":"summary","twitter_misc":{"Est. tempo de leitura":"4 minutos"},"schema":{"@context":"https:\/\/schema.org","@graph":[{"@type":"WebPage","@id":"https:\/\/www.lyonengenharia.com.br\/gestao-de-empreendimentos\/","url":"https:\/\/www.lyonengenharia.com.br\/gestao-de-empreendimentos\/","name":"Gest\u00e3o de Empreendimentos - Lyon Engenharia","isPartOf":{"@id":"https:\/\/www.lyonengenharia.com.br\/#website"},"datePublished":"2017-05-05T17:46:41+00:00","dateModified":"2018-04-04T20:53:49+00:00","breadcrumb":{"@id":"https:\/\/www.lyonengenharia.com.br\/gestao-de-empreendimentos\/#breadcrumb"},"inLanguage":"pt-BR","potentialAction":[{"@type":"ReadAction","target":["https:\/\/www.lyonengenharia.com.br\/gestao-de-empreendimentos\/"]}]},{"@type":"BreadcrumbList","@id":"https:\/\/www.lyonengenharia.com.br\/gestao-de-empreendimentos\/#breadcrumb","itemListElement":[{"@type":"ListItem","position":1,"name":"In\u00edcio","item":"https:\/\/www.lyonengenharia.com.br\/"},{"@type":"ListItem","position":2,"name":"Gest\u00e3o de Empreendimentos"}]},{"@type":"WebSite","@id":"https:\/\/www.lyonengenharia.com.br\/#website","url":"https:\/\/www.lyonengenharia.com.br\/","name":"Lyon Engenharia","description":"Especializada em servi\u00e7os de engenharia e gest\u00e3o de facilities","potentialAction":[{"@type":"SearchAction","target":{"@type":"EntryPoint","urlTemplate":"https:\/\/www.lyonengenharia.com.br\/?s={search_term_string}"},"query-input":"required name=search_term_string"}],"inLanguage":"pt-BR"}]}},"_links":{"self":[{"href":"https:\/\/www.lyonengenharia.com.br\/index.php?rest_route=\/wp\/v2\/pages\/329"}],"collection":[{"href":"https:\/\/www.lyonengenharia.com.br\/index.php?rest_route=\/wp\/v2\/pages"}],"about":[{"href":"https:\/\/www.lyonengenharia.com.br\/index.php?rest_route=\/wp\/v2\/types\/page"}],"author":[{"embeddable":true,"href":"https:\/\/www.lyonengenharia.com.br\/index.php?rest_route=\/wp\/v2\/users\/2"}],"replies":[{"embeddable":true,"href":"https:\/\/www.lyonengenharia.com.br\/index.php?rest_route=%2Fwp%2Fv2%2Fcomments&post=329"}],"version-history":[{"count":13,"href":"https:\/\/www.lyonengenharia.com.br\/index.php?rest_route=\/wp\/v2\/pages\/329\/revisions"}],"predecessor-version":[{"id":541,"href":"https:\/\/www.lyonengenharia.com.br\/index.php?rest_route=\/wp\/v2\/pages\/329\/revisions\/541"}],"wp:attachment":[{"href":"https:\/\/www.lyonengenharia.com.br\/index.php?rest_route=%2Fwp%2Fv2%2Fmedia&parent=329"}],"curies":[{"name":"wp","href":"https:\/\/api.w.org\/{rel}","templated":true}]}}