{"id":579,"date":"2018-08-04T17:17:39","date_gmt":"2018-08-04T20:17:39","guid":{"rendered":"http:\/\/www.lyonengenharia.com.br\/?page_id=579"},"modified":"2018-08-08T09:29:14","modified_gmt":"2018-08-08T12:29:14","slug":"ouvidoria","status":"publish","type":"page","link":"https:\/\/www.lyonengenharia.com.br\/?page_id=579","title":{"rendered":"Ouvidoria"},"content":{"rendered":"<div class=\"vc_row wpb_row vc_row-fluid\"><div class=\"wpb_column vc_column_container vc_col-sm-12\"><div class=\"vc_column-inner \"  ><div class=\"wpb_wrapper\"><\/div><\/div><\/div><\/div><div class=\"vc_row wpb_row vc_row-fluid\"><div class=\"wpb_column vc_column_container vc_col-sm-8\"><div class=\"vc_column-inner \"  ><div class=\"wpb_wrapper\"><div class=\"vc_empty_space\"   style=\"height: 40px\" ><span class=\"vc_empty_space_inner\"><\/span><\/div>\n\n\t<div style=\"font-size:20px;\" class=\"wpb_text_column wpb_content_element \" >\n\t\t<div class=\"wpb_wrapper\">\n\t\t\t<p style=\"text-align: center;\"><strong>Ouvidoria<\/strong><\/p>\n\n\t\t<\/div>\n\t<\/div>\n\n\t<div class=\"wpb_text_column wpb_content_element \" >\n\t\t<div class=\"wpb_wrapper\">\n\t\t\t<p>A ouvidoria interna da Lyon \u00e9 o canal de comunica\u00e7\u00e3o que visa integrar a rela\u00e7\u00e3o entre os colaboradores e os nossos valores, garantindo que as tratativas dos atendimentos sejam realizados de forma transparente, imparcial e confidencial. A ferramenta propicia que nossos colaboradores nos enviem sugest\u00f5es, elogios, reclama\u00e7\u00f5es e den\u00fancias que infrinjam a conduta \u00e9tica e as normas internas.<\/p>\n\n\t\t<\/div>\n\t<\/div>\n\n                <div class='gf_browser_gecko gform_wrapper' id='gform_wrapper_3' ><form method='post' enctype='multipart\/form-data'  id='gform_3'  action='\/index.php?rest_route=%2Fwp%2Fv2%2Fpages%2F579'>\n                        <div class='gform_heading'>\n                            <span class='gform_description'><\/span>\n                        <\/div>\n                        <div class='gform_body'><ul id='gform_fields_3' class='gform_fields top_label form_sublabel_below description_below'><li id='field_3_1' class='gfield gfield_contains_required field_sublabel_below field_description_below gfield_visibility_visible' ><label class='gfield_label' for='input_3_1' >Nome completo<span class='gfield_required'>*<\/span><\/label><div class='ginput_container ginput_container_text'><input name='input_1' id='input_3_1' type='text' value='' class='medium'  tabindex='1'   aria-required=\"true\" aria-invalid=\"false\" \/><\/div><\/li><li id='field_3_2' class='gfield gfield_contains_required field_sublabel_below field_description_below gfield_visibility_visible' ><label class='gfield_label' for='input_3_2' >E-mail<span class='gfield_required'>*<\/span><\/label><div class='ginput_container ginput_container_text'><input name='input_2' id='input_3_2' type='text' value='' class='medium'  tabindex='2'   aria-required=\"true\" aria-invalid=\"false\" \/><\/div><\/li><li id='field_3_3' class='gfield gfield_contains_required field_sublabel_below field_description_below gfield_visibility_visible' ><label class='gfield_label' for='input_3_3' >Telefone<span class='gfield_required'>*<\/span><\/label><div class='ginput_container ginput_container_text'><input name='input_3' id='input_3_3' type='text' value='' class='medium'  tabindex='3'   aria-required=\"true\" aria-invalid=\"false\" \/><\/div><\/li><li id='field_3_4' class='gfield gfield_contains_required field_sublabel_below field_description_below gfield_visibility_visible' ><label class='gfield_label' for='input_3_4' >Estado<span class='gfield_required'>*<\/span><\/label><div class='ginput_container ginput_container_select'><select name='input_4' id='input_3_4'  class='medium gfield_select' tabindex='4'  aria-required=\"true\" aria-invalid=\"false\"><option value='Acre' >Acre<\/option><option value='Alagoas' >Alagoas<\/option><option value='Amap\u00e1' >Amap\u00e1<\/option><option value='Amazonas' >Amazonas<\/option><option value='Bahia' >Bahia<\/option><option value='Cear\u00e1' >Cear\u00e1<\/option><option value='Distrito Federal' >Distrito Federal<\/option><option value='Esp\u00edrito Santo' >Esp\u00edrito Santo<\/option><option value='Goi\u00e1s' >Goi\u00e1s<\/option><option value='Maranh\u00e3o' >Maranh\u00e3o<\/option><option value='Mato Grosso' >Mato Grosso<\/option><option value='Mato Grosso do Sul' >Mato Grosso do Sul<\/option><option value='Minas Gerais' >Minas Gerais<\/option><option value='Par\u00e1' >Par\u00e1<\/option><option value='Para\u00edba' >Para\u00edba<\/option><option value='Paran\u00e1' >Paran\u00e1<\/option><option value='Pernambuco' >Pernambuco<\/option><option value='Piau\u00ed' >Piau\u00ed<\/option><option value='Rio de Janeiro' >Rio de Janeiro<\/option><option value='Rio Grande do Norte' >Rio Grande do Norte<\/option><option value='Rio Grande do Sul' >Rio Grande do Sul<\/option><option value='Rond\u00f4nia' >Rond\u00f4nia<\/option><option value='Roraima' >Roraima<\/option><option value='Santa Catarina' >Santa Catarina<\/option><option value='S\u00e3o Paulo' >S\u00e3o Paulo<\/option><option value='Sergipe' >Sergipe<\/option><option value='Tocantins' >Tocantins<\/option><\/select><\/div><\/li><li id='field_3_5' class='gfield gfield_contains_required field_sublabel_below field_description_below gfield_visibility_visible' ><label class='gfield_label' for='input_3_5' >Cidade<span class='gfield_required'>*<\/span><\/label><div class='ginput_container ginput_container_text'><input name='input_5' id='input_3_5' type='text' value='' class='medium'  tabindex='5'   aria-required=\"true\" aria-invalid=\"false\" \/><\/div><\/li><li id='field_3_8' class='gfield gfield_contains_required field_sublabel_below field_description_below gfield_visibility_visible' ><label class='gfield_label gfield_label_before_complex' for='input_3_8_1' >Data do Registro<span class='gfield_required'>*<\/span><\/label><div id='input_3_8' class='ginput_container ginput_container_date'><div class='clear-multi'>\n                                        <div class='gfield_date_day ginput_container ginput_container_date' id='input_3_8_2_container'>\n                                            <input type='text' maxlength='2' name='input_8[]' id='input_3_8_2' value='' tabindex='6'   \/>\n                                            <label for='input_3_8_2' >DD<\/label>\n                                        <\/div><div class='gfield_date_month ginput_container ginput_container_date' id='input_3_8_1_container'>\n                                        <input type='text' maxlength='2' name='input_8[]' id='input_3_8_1' value='' tabindex='7'   \/>\n                                        <label for='input_3_8_1' >MM<\/label>\n                                   <\/div><div class='gfield_date_year ginput_container ginput_container_date' id='input_3_8_3_container'>\n                                        <input type='text' maxlength='4' name='input_8[]' id='input_3_8_3' value='' tabindex='8'     \/>\n                                        <label for='input_3_8_3' >AAAA<\/label>\n                                   <\/div>\n                                <\/div><\/div><\/li><li id='field_3_7' class='gfield gfield_contains_required field_sublabel_below field_description_below gfield_visibility_visible' ><label class='gfield_label' for='input_3_7' >Assunto<span class='gfield_required'>*<\/span><\/label><div class='ginput_container ginput_container_text'><input name='input_7' id='input_3_7' type='text' value='' class='medium'  tabindex='9'   aria-required=\"true\" aria-invalid=\"false\" \/><\/div><\/li><li id='field_3_6' class='gfield gfield_contains_required field_sublabel_below field_description_below gfield_visibility_visible' ><label class='gfield_label' for='input_3_6' >Coment\u00e1rios<span class='gfield_required'>*<\/span><\/label><div class='ginput_container ginput_container_textarea'><div id=\"wp-input_3_6-wrap\" class=\"wp-core-ui wp-editor-wrap tmce-active\"><link rel='stylesheet' id='dashicons-css'  href='https:\/\/www.lyonengenharia.com.br\/wp-includes\/css\/dashicons.min.css?ver=6.0.7' type='text\/css' media='all' \/>\n<link rel='stylesheet' id='editor-buttons-css'  href='https:\/\/www.lyonengenharia.com.br\/wp-includes\/css\/editor.min.css?ver=6.0.7' type='text\/css' media='all' \/>\n<div id=\"wp-input_3_6-editor-container\" class=\"wp-editor-container\"><textarea class=\"large wp-editor-area\" style=\"height: 280px\" tabindex=\"11\" autocomplete=\"off\" cols=\"40\" name=\"input_6\" id=\"input_3_6\"><\/textarea><\/div>\n<\/div>\n\n<\/div><\/li>\n                            <\/ul><\/div>\n        <div class='gform_footer top_label'> <input type='submit' id='gform_submit_button_3' class='gform_button button' value='Enviar' tabindex='12' onclick='if(window[\"gf_submitting_3\"]){return false;}  window[\"gf_submitting_3\"]=true;  ' onkeypress='if( event.keyCode == 13 ){ if(window[\"gf_submitting_3\"]){return false;} window[\"gf_submitting_3\"]=true;  jQuery(\"#gform_3\").trigger(\"submit\",[true]); }' \/> \n            <input type='hidden' class='gform_hidden' name='is_submit_3' value='1' \/>\n            <input type='hidden' class='gform_hidden' name='gform_submit' value='3' \/>\n            \n            <input type='hidden' class='gform_hidden' name='gform_unique_id' value='' \/>\n            <input type='hidden' class='gform_hidden' name='state_3' value='WyJbXSIsIjM0NDA4MDNmZjY1OWI2MTg2MzJlYzQ3YjRjNDc3OWI2Il0=' \/>\n            <input type='hidden' class='gform_hidden' name='gform_target_page_number_3' id='gform_target_page_number_3' value='0' \/>\n            <input type='hidden' class='gform_hidden' name='gform_source_page_number_3' id='gform_source_page_number_3' value='1' \/>\n            <input type='hidden' name='gform_field_values' value='' \/>\n            \n        <\/div>\n                        <\/form>\n                        <\/div><script type='text\/javascript'> jQuery(document).bind('gform_post_render', function(event, formId, currentPage){if(formId == 3) {if(!\/(android)\/i.test(navigator.userAgent)){jQuery('#input_3_3').mask('(99) 99999?-9999').bind('keypress', function(e){if(e.which == 13){jQuery(this).blur();} } );}} } );jQuery(document).bind('gform_post_conditional_logic', function(event, formId, fields, isInit){} );<\/script><script type='text\/javascript'> jQuery(document).ready(function(){jQuery(document).trigger('gform_post_render', [3, 1]) } ); <\/script><div class=\"vc_empty_space\"   style=\"height: 40px\" ><span class=\"vc_empty_space_inner\"><\/span><\/div>\n<\/div><\/div><\/div><div class=\"wpb_column vc_column_container vc_col-sm-4\"><div class=\"vc_column-inner \"  ><div class=\"wpb_wrapper\"><div class=\"vc_empty_space\"   style=\"height: 80px\" ><span class=\"vc_empty_space_inner\"><\/span><\/div>\n\n\t<div class=\"wpb_text_column wpb_content_element \" >\n\t\t<div class=\"wpb_wrapper\">\n\t\t\t<div style=\"border: solid 1px black; padding: 5px; height: 75px;\">\n<p><img loading=\"lazy\" class=\"alignnone size-full wp-image-595\" style=\"float: left;\" src=\"http:\/\/www.lyonengenharia.com.br\/wp-content\/uploads\/2018\/08\/if_pdfs_774684.png\" alt=\"\" width=\"49\" height=\"64\" \/><\/p>\n<p style=\"margin-right: 60px; float: right;\"><a href=\"http:\/\/www.lyonengenharia.com.br\/wp-content\/uploads\/2018\/08\/C\u00f3digo-de-\u00c9tica-e-Conduta-Rev-01_09.07.2018-1.pdf\">C\u00f3digo de \u00c9tica e Conduta<\/a><\/p>\n<\/div>\n\n\t\t<\/div>\n\t<\/div>\n<\/div><\/div><\/div><\/div>\n","protected":false},"excerpt":{"rendered":"Ouvidoria A ouvidoria interna da Lyon \u00e9 o canal de comunica\u00e7\u00e3o que visa integrar a rela\u00e7\u00e3o entre os colaboradores e os nossos valores, garantindo que as tratativas dos atendimentos sejam realizados de forma transparente, imparcial e confidencial. A ferramenta propicia&hellip;","protected":false},"author":2,"featured_media":0,"parent":0,"menu_order":0,"comment_status":"closed","ping_status":"closed","template":"","meta":[],"yoast_head":"<!-- This site is optimized with the Yoast SEO plugin v19.6.1 - https:\/\/yoast.com\/wordpress\/plugins\/seo\/ -->\n<title>Ouvidoria - Lyon Engenharia<\/title>\n<meta name=\"robots\" content=\"index, follow, max-snippet:-1, max-image-preview:large, max-video-preview:-1\" \/>\n<link rel=\"canonical\" href=\"https:\/\/www.lyonengenharia.com.br\/ouvidoria\/\" \/>\n<meta property=\"og:locale\" content=\"pt_BR\" \/>\n<meta property=\"og:type\" content=\"article\" \/>\n<meta property=\"og:title\" content=\"Ouvidoria - Lyon Engenharia\" \/>\n<meta property=\"og:url\" content=\"https:\/\/www.lyonengenharia.com.br\/ouvidoria\/\" \/>\n<meta property=\"og:site_name\" content=\"Lyon Engenharia\" \/>\n<meta property=\"article:modified_time\" content=\"2018-08-08T12:29:14+00:00\" \/>\n<meta property=\"og:image\" content=\"http:\/\/www.lyonengenharia.com.br\/wp-content\/uploads\/2018\/08\/if_pdfs_774684.png\" \/>\n<meta name=\"twitter:card\" content=\"summary\" \/>\n<meta name=\"twitter:label1\" content=\"Est. tempo de leitura\" \/>\n\t<meta name=\"twitter:data1\" content=\"1 minuto\" \/>\n<script type=\"application\/ld+json\" class=\"yoast-schema-graph\">{\"@context\":\"https:\/\/schema.org\",\"@graph\":[{\"@type\":\"WebPage\",\"@id\":\"https:\/\/www.lyonengenharia.com.br\/ouvidoria\/\",\"url\":\"https:\/\/www.lyonengenharia.com.br\/ouvidoria\/\",\"name\":\"Ouvidoria - Lyon Engenharia\",\"isPartOf\":{\"@id\":\"https:\/\/www.lyonengenharia.com.br\/#website\"},\"datePublished\":\"2018-08-04T20:17:39+00:00\",\"dateModified\":\"2018-08-08T12:29:14+00:00\",\"breadcrumb\":{\"@id\":\"https:\/\/www.lyonengenharia.com.br\/ouvidoria\/#breadcrumb\"},\"inLanguage\":\"pt-BR\",\"potentialAction\":[{\"@type\":\"ReadAction\",\"target\":[\"https:\/\/www.lyonengenharia.com.br\/ouvidoria\/\"]}]},{\"@type\":\"BreadcrumbList\",\"@id\":\"https:\/\/www.lyonengenharia.com.br\/ouvidoria\/#breadcrumb\",\"itemListElement\":[{\"@type\":\"ListItem\",\"position\":1,\"name\":\"In\u00edcio\",\"item\":\"https:\/\/www.lyonengenharia.com.br\/\"},{\"@type\":\"ListItem\",\"position\":2,\"name\":\"Ouvidoria\"}]},{\"@type\":\"WebSite\",\"@id\":\"https:\/\/www.lyonengenharia.com.br\/#website\",\"url\":\"https:\/\/www.lyonengenharia.com.br\/\",\"name\":\"Lyon Engenharia\",\"description\":\"Especializada em servi\u00e7os de engenharia e gest\u00e3o de facilities\",\"potentialAction\":[{\"@type\":\"SearchAction\",\"target\":{\"@type\":\"EntryPoint\",\"urlTemplate\":\"https:\/\/www.lyonengenharia.com.br\/?s={search_term_string}\"},\"query-input\":\"required name=search_term_string\"}],\"inLanguage\":\"pt-BR\"}]}<\/script>\n<!-- \/ Yoast SEO plugin. -->","yoast_head_json":{"title":"Ouvidoria - Lyon Engenharia","robots":{"index":"index","follow":"follow","max-snippet":"max-snippet:-1","max-image-preview":"max-image-preview:large","max-video-preview":"max-video-preview:-1"},"canonical":"https:\/\/www.lyonengenharia.com.br\/ouvidoria\/","og_locale":"pt_BR","og_type":"article","og_title":"Ouvidoria - Lyon Engenharia","og_url":"https:\/\/www.lyonengenharia.com.br\/ouvidoria\/","og_site_name":"Lyon Engenharia","article_modified_time":"2018-08-08T12:29:14+00:00","og_image":[{"url":"http:\/\/www.lyonengenharia.com.br\/wp-content\/uploads\/2018\/08\/if_pdfs_774684.png"}],"twitter_card":"summary","twitter_misc":{"Est. tempo de leitura":"1 minuto"},"schema":{"@context":"https:\/\/schema.org","@graph":[{"@type":"WebPage","@id":"https:\/\/www.lyonengenharia.com.br\/ouvidoria\/","url":"https:\/\/www.lyonengenharia.com.br\/ouvidoria\/","name":"Ouvidoria - Lyon Engenharia","isPartOf":{"@id":"https:\/\/www.lyonengenharia.com.br\/#website"},"datePublished":"2018-08-04T20:17:39+00:00","dateModified":"2018-08-08T12:29:14+00:00","breadcrumb":{"@id":"https:\/\/www.lyonengenharia.com.br\/ouvidoria\/#breadcrumb"},"inLanguage":"pt-BR","potentialAction":[{"@type":"ReadAction","target":["https:\/\/www.lyonengenharia.com.br\/ouvidoria\/"]}]},{"@type":"BreadcrumbList","@id":"https:\/\/www.lyonengenharia.com.br\/ouvidoria\/#breadcrumb","itemListElement":[{"@type":"ListItem","position":1,"name":"In\u00edcio","item":"https:\/\/www.lyonengenharia.com.br\/"},{"@type":"ListItem","position":2,"name":"Ouvidoria"}]},{"@type":"WebSite","@id":"https:\/\/www.lyonengenharia.com.br\/#website","url":"https:\/\/www.lyonengenharia.com.br\/","name":"Lyon Engenharia","description":"Especializada em servi\u00e7os de engenharia e gest\u00e3o de facilities","potentialAction":[{"@type":"SearchAction","target":{"@type":"EntryPoint","urlTemplate":"https:\/\/www.lyonengenharia.com.br\/?s={search_term_string}"},"query-input":"required name=search_term_string"}],"inLanguage":"pt-BR"}]}},"_links":{"self":[{"href":"https:\/\/www.lyonengenharia.com.br\/index.php?rest_route=\/wp\/v2\/pages\/579"}],"collection":[{"href":"https:\/\/www.lyonengenharia.com.br\/index.php?rest_route=\/wp\/v2\/pages"}],"about":[{"href":"https:\/\/www.lyonengenharia.com.br\/index.php?rest_route=\/wp\/v2\/types\/page"}],"author":[{"embeddable":true,"href":"https:\/\/www.lyonengenharia.com.br\/index.php?rest_route=\/wp\/v2\/users\/2"}],"replies":[{"embeddable":true,"href":"https:\/\/www.lyonengenharia.com.br\/index.php?rest_route=%2Fwp%2Fv2%2Fcomments&post=579"}],"version-history":[{"count":9,"href":"https:\/\/www.lyonengenharia.com.br\/index.php?rest_route=\/wp\/v2\/pages\/579\/revisions"}],"predecessor-version":[{"id":600,"href":"https:\/\/www.lyonengenharia.com.br\/index.php?rest_route=\/wp\/v2\/pages\/579\/revisions\/600"}],"wp:attachment":[{"href":"https:\/\/www.lyonengenharia.com.br\/index.php?rest_route=%2Fwp%2Fv2%2Fmedia&parent=579"}],"curies":[{"name":"wp","href":"https:\/\/api.w.org\/{rel}","templated":true}]}}